mainder when 7534664 is divided by 15?
14
What is the remainder when 588266 is divided by 3463?
3019
What is the remainder when 407675 is divided by 234?
47
What is the remainder when 1313068 is divided by 6839?
6819
What is the remainder when 17442 is divided by 5433?
1143
Calculate the remainder when 1340467 is divided by 55852.
19
What is the remainder when 28719351 is divided by 7179816?
87
Calculate the remainder when 2997771 is divided by 42222.
9
What is the remainder when 33773 is divided by 2576?
285
What is the remainder when 70106665 is divided by 65034?
13
Calculate the remainder when 2248355 is divided by 82.
79
What is the remainder when 6827 is divided by 1234?
657
Calculate the remainder when 1505292 is divided by 752593.
106
Calculate the remainder when 45530293 is divided by 178550.
43
What is the remainder when 361801 is divided by 15729?
34
Calculate the remainder when 416827 is divided by 34.
21
Calculate the remainder when 3447144 is divided by 163.
20
What is the remainder when 21963 is divided by 247?
227
What is the remainder when 1716152 is divided by 58?
48
Calculate the remainder when 422871 is divided by 1948.
155
Calculate the remainder when 32575 is divided by 1220.
855
Calculate the remainder when 206041 is divided by 68607.
220
Calculate the remainder when 882411 is divided by 1385.
166
Calculate the remainder when 4878865 is divided by 813.
52
Calculate the remainder when 753809 is divided by 2968.
2905
Calculate the remainder when 1812296 is divided by 110.
46
Calculate the remainder when 14576763 is divided by 21.
12
What is the remainder when 975351 is divided by 86?
25
Calculate the remainder when 490726 is divided by 163524.
154
Calculate the remainder when 2003457 is divided by 5244.
249
Calculate the remainder when 3931439 is divided by 1865.
19
Calculate the remainder when 14333532 is divided by 23.
1
What is the remainder when 176171 is divided by 389?
343
Calculate the remainder when 37757 is divided by 761.
468
What is the remainder when 2478897 is divided by 137715?
27
Calculate the remainder when 22669721 is divided by 356.
353
Calculate the remainder when 1223739903 is divided by 4206.
4203
What is the remainder when 251714023 is divided by 62928504?
7
What is the remainder when 465841 is divided by 155273?
22
What is the remainder when 1605213 is divided by 16548?
57
What is the remainder when 296432 is divided by 22797?
71
Calculate the remainder when 908580 is divided by 877.
8
What is the remainder when 628855 is divided by 1953?
1942
What is the remainder when 14646098 is divided by 7323037?
24
What is the remainder when 25749193 is divided by 297?
184
Calculate the remainder when 25082 is divided by 8355.
17
Calculate the remainder when 63468 is divided by 15281.
2344
Calculate the remainder when 389991 is divided by 48730.
151
Calculate the remainder when 120001 is divided by 888.
121
Calculate the remainder when 1232294 is divided by 3988.
2
Calculate the remainder when 16232683 is divided by 18.
13
Calculate the remainder when 545807 is divided by 255.
107
What is the remainder when 642686 is divided by 80332?
30
What is the remainder when 3514988 is divided by 152824?
36
Calculate the remainder when 1644536 is divided by 287.
26
Calculate the remainder when 28092 is divided by 3081.
363
What is the remainder when 15403381 is divided by 4371?
4348
Calculate the remainder when 65630 is divided by 631.
6
What is the remainder when 4203499 is divided by 323340?
79
What is the remainder when 3049625 is divided by 278?
243
Calculate the remainder when 148008 is divided by 49296.
120
What is the remainder when 561562 is divided by 5911?
17
Calculate the remainder when 157851 is divided by 26286.
135
Calculate the remainder when 16613167 is divided by 22.
21
Calculate the remainder when 1934 is divided by 1833.
101
Calculate the remainder when 959266 is divided by 824.
130
What is the remainder when 140233 is divided by 17525?
33
What is the remainder when 353566 is divided by 303?
268
Calculate the remainder when 368689 is divided by 854.
615
Calculate the remainder when 16038 is divided by 1467.
1368
Calculate the remainder when 4608702 is divided by 251.
91
What is the remainder when 54016731 is divided by 332?
331
Calculate the remainder when 79391 is divided by 359.
52
What is the remainder when 255088 is divided by 1283?
1054
Calculate the remainder when 238953 is divided by 238777.
176
Calculate the remainder when 166253 is divided by 2972.
2793
Calculate the remainder when 52261038 is divided by 105.
18
What is the remainder when 7197693 is divided by 1670?
1663
Calculate the remainder when 15857 is divided by 3565.
1597
Calculate the remainder when 108603 is divided by 3503.
10
What is the remainder when 4969444 is divided by 1656424?
172
What is the remainder when 201945 is divided by 1742?
1615
Calculate the remainder when 166560 is divided by 83260.
40
What is the remainder when 1720719 is divided by 573565?
24
What is the remainder when 808907 is divided by 147?
113
Calculate the remainder when 85472 is divided by 770.
2
Calculate the remainder when 964386 is divided by 297.
27
What is the remainder when 36747131 is divided by 122?
121
What is the remainder when 8805394 is divided by 426?
400
Calculate the remainder when 49451 is divided by 1697.
238
Calculate the remainder when 2322902 is divided by 1160891.
1120
What is the remainder when 162735 is divided by 81352?
31
What is the remainder when 69076 is divided by 457?
69
Calculate the remainder when 22551 is divided by 11234.
83
What is the remainder when 5813746 is divided by 441?
43
What is the remainder when 2092671 is divided by 697524?
99
Calculate the remainder when 251202040 is divided by 55947.
10
What is the remainder when 128510775 is divided by 42836924?
3
Calculate the remainder when 7392612 is divided by 1169.
1025
What is the remainder when 121034294 is divided by 1294?
4
What is the remainder when 311044 is divided by 84?
76
Calculate the remainder when 424666 is divided by 420557.
4109
What is the remainder when 1425087 is divided by 448?
447
What is the remainder when 128703 is divided by 9020?
2423
Calculate the remainder when 1460889 is divided by 7854.
45
Calculate the remainder when 1845638 is divided by 473.
465
What is the remainder when 263557 is divided by 5269?
107
Calculate the remainder when 3535993 is divided by 1767988.
17
Calculate the remainder when 322325 is divided by 1781.
1745
Calculate the remainder when 332248 is divided by 5537.
28
Calculate the remainder when 1548197 is divided by 1200.
197
Calculate the remainder when 663927 is divided by 13250.
1427
What is the remainder when 1470847 is divided by 163421?
58
Calculate the remainder when 816863 is divided by 427.
12
Calculate the remainder when 812505 is divided by 162347.
770
Calculate the remainder when 130724 is divided by 4355.
74
Calculate the remainder when 1891508 is divided by 54.
50
What is the remainder when 34942181 is divided by 60?
41
What is the remainder when 3520870 is divided by 1400?
1270
What is the remainder when 8581773 is divided by 1225963?
32
What is the remainder when 484284 is divided by 1356?
192
Calculate the remainder when 327342 is divided by 3403.
654
Calculate the remainder when 5638974 is divided by 37.
26
What is the remainder when 47382 is divided by 1322?
1112
What is the remainder when 17967987 is divided by 4491991?
23
What is the remainder when 1176 is divided by 1173?
3
Calculate the remainder when 215253 is divided by 281.
7
Calculate the remainder when 1144999 is divided by 21203.
37
Calculate the remainder when 53651086 is divided by 873.
871
Calculate the remainder when 250916911 is divided by 125458449.
13
Calculate the remainder when 1981722 is divided by 2949.
2943
What is the remainder when 8815572 is divided by 2938523?
3
Calculate the remainder when 274015 is divided by 24910.
5
What is the remainder when 93036851 is divided by 4869?
4868
What is the remainder when 4402615 is divided by 22?
19
What is the remainder when 15392963 is divided by 543?
542
Calculate the remainder when 109816695 is divided by 1067.
1055
What is the remainder when 1122924 is divided by 280731?
0
What is the